{"id":3467,"date":"2023-08-10T19:33:10","date_gmt":"2023-08-10T17:33:10","guid":{"rendered":"http:\/\/monikagungl.com\/vitalkost-rezepte\/homogenisierte-mandelmilch\/"},"modified":"2023-09-30T19:37:11","modified_gmt":"2023-09-30T17:37:11","slug":"homogenizalt-mandulatej","status":"publish","type":"vitalkost-rezepte","link":"https:\/\/monikagungl.com\/hu\/vitalkost-rezepte\/homogenizalt-mandulatej\/","title":{"rendered":"Homogeniz\u00e1lt mandulatej h\u00e1zilag, egyszer\u0171en \u00e9s gyorsan: egy nyers\u00e9tel recept, ami\u00e9rt odaleszel!"},"content":{"rendered":"\n<p>Minek a bolti, ha te is k\u00f6nnyed\u00e9n elk\u00e9sz\u00edtheted? Var\u00e1zsolj friss mandulatejet konyh\u00e1dban ezen nyers\u00e9tel receptemmel!<\/p>\n","protected":false},"excerpt":{"rendered":"<p>Friss\u00edtsd fel magad egy poh\u00e1r h\u00e1zi mandulatejjel \u2013 az igazi \u00edzek \u00e9s v\u00e1ltozatoss\u00e1g garant\u00e1lt a konyh\u00e1dban.<\/p>\n","protected":false},"author":2,"featured_media":5389,"parent":0,"menu_order":0,"comment_status":"open","ping_status":"closed","template":"","format":"standard","meta":{"_seopress_robots_primary_cat":"","_seopress_titles_title":"Homogeniz\u00e1lt mandulatej h\u00e1zilag, egyszer\u0171en \u00e9s gyorsan: egy nyers\u00e9tel recept, ami\u00e9rt odaleszel!","_seopress_titles_desc":"Minek a bolti, ha te is k\u00f6nnyed\u00e9n elk\u00e9sz\u00edtheted? Var\u00e1zsolj friss mandulatejet konyh\u00e1dban ezen nyers\u00e9tel receptemmel.","_seopress_robots_index":"","footnotes":""},"categories":[73],"tags":[],"class_list":["post-3467","vitalkost-rezepte","type-vitalkost-rezepte","status-publish","format-standard","has-post-thumbnail","hentry","category-italok"],"meta_box":{"h1_focim":"Homogeniz\u00e1lt mandulatej h\u00e1zilag, egyszer\u0171en \u00e9s gyorsan: egy nyers\u00e9tel recept, ami\u00e9rt odaleszel!","einleitung":"Fedezd fel az otthoni mandulatejk\u00e9sz\u00edt\u00e9s \u00f6r\u00f6m\u00e9t! Nem csak mag\u00e1ban isteni finom, de a konyh\u00e1dban is sz\u00e1mtalan m\u00f3don felhaszn\u00e1lhatod.","hintergrund":{"width":150,"height":150,"file":"mandeln-im-beutel-aus-sackingl-auf-dunklem-hintergrund_1150-45099.jpg","filesize":65820,"sizes":{"woocommerce_thumbnail":{"file":"mandeln-im-beutel-aus-sackingl-auf-dunklem-hintergrund_1150-45099-300x300.jpg","width":300,"height":300,"mime-type":"image\/jpeg","filesize":22947,"uncropped":false,"url":"https:\/\/monikagungl.com\/wp-content\/uploads\/mandeln-im-beutel-aus-sackingl-auf-dunklem-hintergrund_1150-45099-300x300.jpg"},"woocommerce_gallery_thumbnail":{"file":"mandeln-im-beutel-aus-sackingl-auf-dunklem-hintergrund_1150-45099-100x100.jpg","width":100,"height":100,"mime-type":"image\/jpeg","filesize":4068,"url":"https:\/\/monikagungl.com\/wp-content\/uploads\/mandeln-im-beutel-aus-sackingl-auf-dunklem-hintergrund_1150-45099-100x100.jpg"},"woocommerce_single":{"file":"mandeln-im-beutel-aus-sackingl-auf-dunklem-hintergrund_1150-45099-600x400.jpg","width":600,"height":400,"mime-type":"image\/jpeg","filesize":49914,"url":"https:\/\/monikagungl.com\/wp-content\/uploads\/mandeln-im-beutel-aus-sackingl-auf-dunklem-hintergrund_1150-45099-600x400.jpg"},"medium":{"file":"mandeln-im-beutel-aus-sackingl-auf-dunklem-hintergrund_1150-45099-960x639.jpg","width":960,"height":639,"mime-type":"image\/jpeg","filesize":365211,"url":"https:\/\/monikagungl.com\/wp-content\/uploads\/mandeln-im-beutel-aus-sackingl-auf-dunklem-hintergrund_1150-45099-960x639.jpg"},"thumbnail":{"file":"mandeln-im-beutel-aus-sackingl-auf-dunklem-hintergrund_1150-45099-150x150.jpg","width":150,"height":150,"mime-type":"image\/jpeg","filesize":23937,"url":"https:\/\/monikagungl.com\/wp-content\/uploads\/mandeln-im-beutel-aus-sackingl-auf-dunklem-hintergrund_1150-45099-150x150.jpg"},"medium_large":{"file":"mandeln-im-beutel-aus-sackingl-auf-dunklem-hintergrund_1150-45099-768x511.jpg","width":768,"height":511,"mime-type":"image\/jpeg","filesize":255922,"url":"https:\/\/monikagungl.com\/wp-content\/uploads\/mandeln-im-beutel-aus-sackingl-auf-dunklem-hintergrund_1150-45099-768x511.jpg"},"image-480":{"file":"mandeln-im-beutel-aus-sackingl-auf-dunklem-hintergrund_1150-45099-480x320.jpg","width":480,"height":320,"mime-type":"image\/jpeg","filesize":119822,"url":"https:\/\/monikagungl.com\/wp-content\/uploads\/mandeln-im-beutel-aus-sackingl-auf-dunklem-hintergrund_1150-45099-480x320.jpg"},"image-640":{"file":"mandeln-im-beutel-aus-sackingl-auf-dunklem-hintergrund_1150-45099-640x426.jpg","width":640,"height":426,"mime-type":"image\/jpeg","filesize":192751,"url":"https:\/\/monikagungl.com\/wp-content\/uploads\/mandeln-im-beutel-aus-sackingl-auf-dunklem-hintergrund_1150-45099-640x426.jpg"},"image-720":{"file":"mandeln-im-beutel-aus-sackingl-auf-dunklem-hintergrund_1150-45099-720x480.jpg","width":720,"height":480,"mime-type":"image\/jpeg","filesize":230912,"url":"https:\/\/monikagungl.com\/wp-content\/uploads\/mandeln-im-beutel-aus-sackingl-auf-dunklem-hintergrund_1150-45099-720x480.jpg"},"image-960":{"file":"mandeln-im-beutel-aus-sackingl-auf-dunklem-hintergrund_1150-45099-960x639.jpg","width":960,"height":639,"mime-type":"image\/jpeg","filesize":365211,"url":"https:\/\/monikagungl.com\/wp-content\/uploads\/mandeln-im-beutel-aus-sackingl-auf-dunklem-hintergrund_1150-45099-960x639.jpg"}},"image_meta":{"aperture":"0","credit":"","camera":"","caption":"","created_timestamp":"0","copyright":"","focal_length":"0","iso":"0","shutter_speed":"0","title":"","orientation":"0","keywords":[]},"ID":"3114","name":"mandeln-im-beutel-aus-sackingl-auf-dunklem-hintergrund_1150-45099.jpg","path":"\/www\/htdocs\/w01fc301\/monikagungl.com\/wp-content\/uploads\/mandeln-im-beutel-aus-sackingl-auf-dunklem-hintergrund_1150-45099.jpg","url":"https:\/\/monikagungl.com\/wp-content\/uploads\/mandeln-im-beutel-aus-sackingl-auf-dunklem-hintergrund_1150-45099-150x150.jpg","full_url":"https:\/\/monikagungl.com\/wp-content\/uploads\/mandeln-im-beutel-aus-sackingl-auf-dunklem-hintergrund_1150-45099.jpg","title":"","caption":"","description":"","alt":"mandula-zsakban-nyers- mandula-tejhez","srcset":"https:\/\/monikagungl.com\/wp-content\/uploads\/mandeln-im-beutel-aus-sackingl-auf-dunklem-hintergrund_1150-45099-150x150.jpg 150w, https:\/\/monikagungl.com\/wp-content\/uploads\/mandeln-im-beutel-aus-sackingl-auf-dunklem-hintergrund_1150-45099-300x300.jpg 300w, https:\/\/monikagungl.com\/wp-content\/uploads\/mandeln-im-beutel-aus-sackingl-auf-dunklem-hintergrund_1150-45099-100x100.jpg 100w"},"ii_nahrwerte":{"kalorien":"50","fett":"4","eiweiss":"15","kohlenhydrate":"2"},"vorbereitungszeit":"10","zubereitungszeit":"5","portionen":"4","portionen_einheit":"szem\u00e9ly","kuchengerate_group":[{"kuchengerat_text":"Nagy teljes\u00edtm\u00e9ny\u0171 turmixg\u00e9p"},{"kuchengerat_text":"Finom sz\u0171r\u0151 vagy sz\u0171r\u0151zs\u00e1k"},{"kuchengerat_text":"T\u00e1rol\u00f3 ed\u00e9ny (\u00fcveg)"}],"liste_der_zutaten":[{"zutaten_text":"200 g mandula"},{"zutaten_text":"700 ml v\u00edz"},{"zutaten_text":"4  db bio datolya"},{"zutaten_text":"2 tk. olaj (hidegensajtolt)"},{"zutaten_text":"1 tk. napraforg\u00f3 lecitin"},{"zutaten_text":" 1 csipet s\u00f3"},{"zutaten_text":"1 csipet vanilia (opcion\u00e1lis)"}],"zubereitung":[{"nr":"1","zubereitungsschritte":"A mandul\u00e1t, a datoly\u00e1t \u00e9s a vizet tedd a turmixg\u00e9pbe \u00e9s alaposan turmixold \u00f6ssze."},{"nr":"2","zubereitungsschritte":" Sz\u0171rd le a kever\u00e9ket egy finom sz\u0171r\u0151n vagy sz\u0171r\u0151zs\u00e1kon kereszt\u00fcl egy ed\u00e9nybe. Alaposan nyomkodd ki."},{"nr":"3","zubereitungsschritte":"Add hozz\u00e1 az olajat, a s\u00f3t, a van\u00edli\u00e1t \u00e9s a napraforg\u00f3 lecitint, majd turmixold \u00fajra, am\u00edg egyenletes tej \u00e1llagot nem kapsz."},{"nr":"4","zubereitungsschritte":"Tedd a h\u0171t\u0151szekr\u00e9nybe \u00e9s 3-4 napon bel\u00fcl fogyaszd el."}],"tipps_and_zusammenfasssung":"<ul>\n<li>Haszn\u00e1ld fel a megmaradt mandulamassz\u00e1t s\u00fctem\u00e9nyekhez, s\u00fctikhez, m\u00fczlihez vagy \"Raffaello\"-szer\u0171 energia goly\u00f3khoz.<\/li>\n<li>A mandulatej t\u00f6k\u00e9letesen alkalmas kaka\u00f3s italokhoz, arany tejhez, k\u00e1v\u00e9hoz \u00e9s chia pudinghoz.<\/li>\n<\/ul>\n"},"_links":{"self":[{"href":"https:\/\/monikagungl.com\/hu\/wp-json\/wp\/v2\/vitalkost-rezepte\/3467","targetHints":{"allow":["GET"]}}],"collection":[{"href":"https:\/\/monikagungl.com\/hu\/wp-json\/wp\/v2\/vitalkost-rezepte"}],"about":[{"href":"https:\/\/monikagungl.com\/hu\/wp-json\/wp\/v2\/types\/vitalkost-rezepte"}],"author":[{"embeddable":true,"href":"https:\/\/monikagungl.com\/hu\/wp-json\/wp\/v2\/users\/2"}],"replies":[{"embeddable":true,"href":"https:\/\/monikagungl.com\/hu\/wp-json\/wp\/v2\/comments?post=3467"}],"version-history":[{"count":2,"href":"https:\/\/monikagungl.com\/hu\/wp-json\/wp\/v2\/vitalkost-rezepte\/3467\/revisions"}],"predecessor-version":[{"id":4222,"href":"https:\/\/monikagungl.com\/hu\/wp-json\/wp\/v2\/vitalkost-rezepte\/3467\/revisions\/4222"}],"wp:featuredmedia":[{"embeddable":true,"href":"https:\/\/monikagungl.com\/hu\/wp-json\/wp\/v2\/media\/5389"}],"wp:attachment":[{"href":"https:\/\/monikagungl.com\/hu\/wp-json\/wp\/v2\/media?parent=3467"}],"wp:term":[{"taxonomy":"category","embeddable":true,"href":"https:\/\/monikagungl.com\/hu\/wp-json\/wp\/v2\/categories?post=3467"},{"taxonomy":"post_tag","embeddable":true,"href":"https:\/\/monikagungl.com\/hu\/wp-json\/wp\/v2\/tags?post=3467"}],"curies":[{"name":"wp","href":"https:\/\/api.w.org\/{rel}","templated":true}]}}

Homogenizált mandulatej házilag, egyszerűen és gyorsan: egy nyersétel recept, amiért odaleszel!

<p>Minek a bolti, ha te is könnyedén elkészítheted? Varázsolj friss mandulatejet konyhádban ezen nyersétel receptemmel!</p>

<p>Frissítsd fel magad egy pohár házi mandulatejjel – az igazi ízek és változatosság garantált a konyhádban.</p>

Minek a bolti, ha te is könnyedén elkészítheted? Varázsolj friss mandulatejet konyhádban ezen nyersétel receptemmel.

Fedezd fel az otthoni mandulatejkészítés örömét! Nem csak magában isteni finom, de a konyhádban is számtalan módon felhasználhatod.

személy

Nagy teljesítményű turmixgép

Finom szűrő vagy szűrőzsák

Tároló edény (üveg)

700 ml víz

1 tk. napraforgó lecitin

1 csipet só

1 csipet vanilia (opcionális)

A mandulát, a datolyát és a vizet tedd a turmixgépbe és alaposan turmixold össze.

Szűrd le a keveréket egy finom szűrőn vagy szűrőzsákon keresztül egy edénybe. Alaposan nyomkodd ki.

Add hozzá az olajat, a sót, a vaníliát és a napraforgó lecitint, majd turmixold újra, amíg egyenletes tej állagot nem kapsz.

Tedd a hűtőszekrénybe és 3-4 napon belül fogyaszd el.

<ul>
<li>Használd fel a megmaradt mandulamasszát süteményekhez, sütikhez, müzlihez vagy "Raffaello"-szerű energia golyókhoz.</li>
<li>A mandulatej tökéletesen alkalmas kakaós italokhoz, arany tejhez, kávéhoz és chia pudinghoz.</li>
</ul>
